he prime factors of n?
13, 1627
Let p(w) = 525*w**2 - w. Let l be 6/7 - (6/7 + -1). List the prime factors of p(l).
2, 131
Suppose 45991 = 12*b - 3*b - 39221. List the prime factors of b.
2, 3, 263
Suppose 105*b - 117394 = 26*b. List the prime factors of b.
2, 743
Suppose -5*b = -4*v + 43110 - 13638, -3*v + 22104 = 4*b. What are the prime factors of v?
2, 3, 307
Let o(v) = -4*v - 28. Let q be o(-8). Suppose -3*k - 5*y = -1 + 11, 0 = q*k + 5*y + 10. List the prime factors of (-20 - -15)*(-2 + k).
2, 5
Let i(c) = -c**3 + 14*c**2 + 17*c - 25. Let w be i(15). Suppose 69 = w*x - 466. Let h = 150 - x. What are the prime factors of h?
43
Suppose 4*y = 3*m + 1360, 7*m - 3*m + 1804 = -4*y. Let b = -195 - m. List the prime factors of b.
257
Suppose 31*m + 79688 = 743367. List the prime factors of m.
79, 271
Suppose 0 = -14*p - 42 - 14. Let w be (p/6)/((24/9)/4). Let l(r) = -16*r**3 - 2*r**2 + 2*r + 3. What are the prime factors of l(w)?
3, 5
Let r(l) = 19*l + 459. List the prime factors of r(-23).
2, 11
Let d(c) = 26954*c - 2454. What are the prime factors of d(2)?
2, 13, 1979
Suppose 82101 = 69*l - 215764 - 45134. List the prime factors of l.
3, 1657
Suppose -10519 = 70*u - 3*u. Let c(b) = -41*b - 1. Let p be c(1). Let m = p - u. What are the prime factors of m?
5, 23
Let l be 3*1 + 16/(-2)*6. Let n be 10/6 + (-15)/l. Suppose t + 3*t = -n*y + 96, -5*t = -5*y + 165. What are the prime factors of y?
2, 19
Let o(f) = 517*f**2 + 3*f + 2. Let b be o(-1). Suppose b = -h + 13*h. Let y = h + -40. List the prime factors of y.
3
Let m(o) = -57*o**3 + o**2 + 9*o - 5. Let s(y) = -14*y**3 + 2*y - 1. Let g(n) = -2*m(n) + 9*s(n). Let j be g(-2). Let r = j + -63. List the prime factors of r.
2, 13
Suppose 4 = 4*u + 20. Let o be (-5 - -529) + -5 + u/(-2). Suppose -5*v - 3*f + o = 0, -5*v + 5*f + 544 = -1. What are the prime factors of v?
2, 53
Let t(i) = -81*i + 2. Let p be (-31)/8 - (-55)/(-440). List the prime factors of t(p).
2, 163
Let m = 20120 + -17037. List the prime factors of m.
3083
Suppose 4*b - 269*f - 6616 = -274*f, f = 3*b - 4962. List the prime factors of b.
2, 827
Suppose 2*s + 10 = 5*g - 1, -5*s + 1 = -3*g. Suppose 0 = 5*r + s*t + t - 193, -5*r = -4*t - 186. List the prime factors of 163/7 - (3 + r/(-14)).
23
Let w = 53 + -30. Let s = w + -5. Suppose -n = -32 + s. List the prime factors of n.
2, 7
What are the prime factors of 367*9 - (-414)/(-207)?
3301
Let z(j) = 145*j + 202. Let i be z(8). Suppose -3*m - 5*g = -3205, -4*g = m + 289 - i. What are the prime factors of m?
3, 5, 71
Suppose 30 = -18*q + 102. Suppose 606 - 130 = q*r. List the prime factors of r.
7, 17
Suppose -21*t - 41*t = -120280. List the prime factors of t.
2, 5, 97
Let v = 27435 + -8276. List the prime factors of v.
7, 17, 23
Suppose -87680 = -5*v - 3*t + 139730, -4*v - 3*t = -181925. What are the prime factors of v?
5, 11, 827
Suppose -20*l - 62340 = -25*l. What are the prime factors of l?
2, 3, 1039
Suppose -5*s - 4*p = -153540, 42*p + 153545 = 5*s + 45*p. What are the prime factors of s?
2, 11, 349
Let n = -11994 - -35453. What are the prime factors of n?
23459
Suppose 961*w = 953*w + 39960. List the prime factors of w.
3, 5, 37
Suppose 3*x = -x + 16. Let d = 115 + -66. Suppose -5*p + 2*p + x*u = -d, -p - 2*u + 33 = 0. List the prime factors of p.
23
Let k be 18 + -2 + 1 + -1. Suppose 0 = -5*a - 5*p - 5, -3*a + p + 13 = -0*a. Suppose 0 = a*t - 259 + k. List the prime factors of t.
3
Let o = 182 - 57. Suppose -47 = -2*v - 3*v - 4*l, -5*l = -15. Suppose 0 = -v*w + o + 344. What are the prime factors of w?
67
Suppose 0 = -3*t - 5*f - 311, -2*f = f + 3. Let h = t + 165. Suppose -59*k + h*k - 364 = 0. What are the prime factors of k?
7, 13
Let n(j) = 11*j**2 + 14 - 15 + 9 + j. Let r be n(-3). Suppose -24*f = -26*f + r. What are the prime factors of f?
2, 13
Let s be -2 + 215 + (-95)/(-19). Suppose 2*g = s + 326. List the prime factors of g.
2, 17
Let z be ((-2)/4)/((-12)/(-24)). Let o be (6/z)/(3/(-96)). Suppose p - o = -p. What are the prime factors of p?
2, 3
Let b(m) = m**2 - 6*m - 42. Let g(p) = -p**2 - 6*p + 11. Let w be g(-8). What are the prime factors of b(w)?
13
Suppose 2*a + 14 = q, -5*q + 23 = -4*q - 5*a. Let b(g) = g**3 - 9*g**2 + 20*g + 16. What are the prime factors of b(q)?
2, 7
Let y be (-10)/50 + 2*56/10. Let i be (21 + y)/(1/2). Suppose 4*q + i = 492. List the prime factors of q.
107
Let k(c) = 38*c + 70. Let q(o) = -o**2 - 76*o - 140. Let u(z) = -5*k(z) - 2*q(z). List the prime factors of u(22).
2, 31
Let a = -40 - -37. Let o be 39*(-3 - -1 - a). Suppose -14 = -q + 2*b, 0 = 3*q + 2*b - 11 - o. What are the prime factors of q?
2
Let w(x) = 5 + 49*x - 8 + 21. List the prime factors of w(6).
2, 3, 13
Let z be 2 + (-616)/98 - 4/(-14). Suppose 4*w - 15 = -w. What are the prime factors of 0 - ((-4)/z)/(w/(-15))?
5
Let y(o) = o + 10. Let z be y(-8). Suppose -3 = -z*u + 3. Suppose -63 - 96 = -u*w. What are the prime factors of w?
53
List the prime factors of (20368/32)/((-12)/(-24)).
19, 67
Let s(k) = -k**3 + 7*k**2 + 7. Let q = 41 + -34. Let h be s(q). Suppose h*o - 5*b - 341 = 3*o, -5*o = -3*b - 423. List the prime factors of o.
2, 3, 7
Let z(i) = 2*i. Let b(x) = -297*x + 8. Let n(u) = -b(u) - 4*z(u). Let w be n(2). Suppose 4*o = -6*o + w. What are the prime factors of o?
3, 19
Let p(i) = 13*i**2 + i**2 - 12*i**2 + 8 - 3 + 24*i - 12*i**3. What are the prime factors of p(-4)?
709
Let o(t) = -14*t - 17. Let f be o(-2). Suppose -1037 = -f*b + 2164. What are the prime factors of b?
3, 97
Let o = 396 - 115. Let b = -163 + o. Suppose -5*h - z = -295, b = 2*h + z + z. What are the prime factors of h?
59
Suppose -825 - 2946 + 959 = -2*b. What are the prime factors of b?
2, 19, 37
What are the prime factors of 10 + -1 + (-205888)/(-16)?
79, 163
Let a(t) = -t**3 + 9*t**2 - 9*t + 18. Let k be a(6). Let h = k + 131. List the prime factors of h.
7, 29
Let c be -2 + (-42)/(-15) + 6524/20. Let d = c - 41. What are the prime factors of d?
2, 11, 13
Let b(y) = -82*y**3 + 3*y**2 - 3*y + 12. List the prime factors of b(-3).
2, 3, 13, 29
Let o be ((-2)/(-2) + -3)*365/10. Let h = 3 - o. Let j = h + 50. What are the prime factors of j?
2, 3, 7
Suppose 2*m - 13458 = -4*f + 5992, m - 9720 = 3*f. Suppose -36*u = -1149 - m. List the prime factors of u.
2, 151
What are the prime factors of 7*154 + (193 - 186)?
5, 7, 31
Let j = 2073 + -1613. List the prime factors of j.
2, 5, 23
List the prime factors of 17*(-14)/2261 + (-454938)/(-19).
2, 41, 73
Let j(x) = -x**2 - 7*x - 9. Let s(c) = 3*c**2 + 9*c - 4. Let k be s(-3). Let i be j(k). Suppose -i*w + 140 = w. List the prime factors of w.
5, 7
Let g(v) = -71*v**3 + 2*v + 1. Let i(c) = c**2 - 5*c + 3. Let o be i(3). Let n be 2/o - (-4)/(-12). What are the prime factors of g(n)?
2, 5, 7
List the prime factors of 8/14 + ((-2651506)/(-77))/26.
5, 53
Suppose 18403 - 15067 = 3*n - 21459. What are the prime factors of n?
3, 5, 19, 29
Suppose -36 = -4*f - 4*p, 5*f - 5*p + 2*p - 5 = 0. List the prime factors of (f/(-6))/(82/(-209961)).
3, 569
Let v = -144 + 143. What are the prime factors of 0 - v - (2 - (2 - -321))?
2, 7, 23
Let t = -21096 - -40306. What are the prime factors of t?
2, 5, 17, 113
Let y = 5572 + -2583. Suppose -2*x - 4*u = -7*u - 2002, -y = -3*x + u. What are the prime factors of x?
5, 199
Suppose 1312 = -7*p + 39*p. Let f = 35 + -49. Let q = p + f. List the prime factors of q.
3
Let n = 136 - 81. Let p(s) = n + 99*s**2 - 55 - s. List the prime factors of p(1).
2, 7
Suppose -4*v + 5*m = v, -5*v + 4*m = 0. Let z(b) = -8*b**2 + 1 - b**3 - 4*b + 2*b**3 - 20*b + v*b. What are the prime factors of z(11)?
2, 5
Let v = -742 - -1168. Suppose -428*b + 1272 = -v*b. List the prime factors of b.
2, 3, 53
Let a = -31006 - -43675. What are the prime factors of (2/6)/(41/a)?
103
Let d = 240 + -237. Suppose 3*r - 3 = -15, d*i + 3*r - 1968 = 0. What are the prime factors of i?
2, 3, 5, 11
Suppose 0 = -c - 7*q + 6610, -6205 + 19313 = 2*c - 2*q. List the prime factors of c.
3
Let x(k) = 46*k - 280. Let m(f) = 5289*f - 32207. Let t(l) = 3*m(l) - 344*x(l). List the prime factors of t(30).
23, 43
Let q be ((-654)/(-1) - 4) + (-20)/4. Suppose 1945 = 4*t - t - w, 0 = -t - 3*w + q. What are the prime factors of t?
2, 3
Let t(a) = 4*a - 16. Let v be t(5). What are the